{"id":20,"date":"2011-02-11T16:15:17","date_gmt":"2011-02-11T16:15:17","guid":{"rendered":"http:\/\/bh18.hostingkunden.de"},"modified":"2025-07-14T20:57:35","modified_gmt":"2025-07-14T18:57:35","slug":"impressum-2","status":"publish","type":"page","link":"https:\/\/www.freilichtbuehne-nettelstedt.de\/index.php\/impressum-2\/","title":{"rendered":"Impressum"},"content":{"rendered":"<p><strong>Anbieter von freilichtbuehne-nettelstedt.de:<\/strong><br \/>\nFreilichtb\u00fchne-Spielgemeinde Nettelstedt e.V.<br \/>\nH\u00fcnenbrinkstr. 4<br \/>\n32312 L\u00fcbbecke<\/p>\n<p><strong>Kontakt:<\/strong><br \/>\nTelefon: 05741 \/ 370192<br \/>\nTelefax: 05741 \/ 370194<br \/>\nE-Mail: info[at]freilichtbuehne-nettelstedt[dot] de<br \/>\nWebseite: www.freilichtb\u00fchne-nettelstedt.de&nbsp;&nbsp;&nbsp; oder&nbsp;&nbsp;&nbsp; www.flbn.de<\/p>\n<p><strong>Inhaltlich verantwortlich:<\/strong><br \/>\nJannik Koch &amp; Ramona Sch\u00fctte-Kracht<\/p>\n<p>info @ freilichtbuehne-nettelstedt.de<\/p>\n<p><strong>Vereinsregister:<\/strong> Amtsgericht Bad Oeynhausen, VR30256<\/p>\n<p><strong>Der Verein wird gemeinschaftlich vertreten durch:<\/strong><br \/>\nRamona Sch\u00fctte-Kracht (1.Vorsitzende + Gesch\u00e4ftsf\u00fchrerin) &#8211; H\u00fchnenbrinkstra\u00dfe 3 &#8211; 32312 L\u00fcbbecke &#8211; ramona.schuette@freilichtbuehne-nettelstedt.de<br \/>\nNiklas \u00d6wermann (2.Vorsitzender) &#8211; Holunderweg 9, 32479 Hille &#8211; niklas.oewermann@freilichtbuehne-nettelstedt.de<\/p>\n<p>&nbsp;<\/p>\n<hr>\n<p><strong>Haftungsausschluss<\/strong><\/p>\n<p>&nbsp;<\/p>\n<p><span style=\"text-decoration: underline;\">1. Inhalt des Onlineangebotes<\/span><\/p>\n<p>Die Freilichtb\u00fchne Nettelstedt e. V. \u00fcbernimmt keinerlei Gew\u00e4hr f\u00fcr die Aktualit\u00e4t, Korrektheit, Vollst\u00e4ndigkeit oder Qualit\u00e4t der bereitgestellten Informationen. Haftungsanspr\u00fcche gegen die Freilichtb\u00fchne Nettelstedt e. V., die sich auf Sch\u00e4den materieller oder ideeller Art beziehen, welche durch die Nutzung oder Nichtnutzung der dargebotenen Informationen bzw. durch die Nutzung fehlerhafter und unvollst\u00e4ndiger Informationen verursacht wurden sind grunds\u00e4tzlich ausgeschlossen, sofern seitens der Freilichtb\u00fchne Nettelstedt e. V. kein nachweislich vors\u00e4tzliches oder grob fahrl\u00e4ssiges Verschulden vorliegt.<\/p>\n<p>Alle Angebote sind freibleibend und unverbindlich. Die Freilichtb\u00fchne Nettelstedt e. V. beh\u00e4lt es sich ausdr\u00fccklich vor, Teile der Seiten oder das gesamte Angebot ohne gesonderte Ank\u00fcndigung zu ver\u00e4ndern, zu erg\u00e4nzen, zu l\u00f6schen oder die Ver\u00f6ffentlichung zeitweise oder endg\u00fcltig einzustellen.<\/p>\n<p><span style=\"text-decoration: underline;\">2. Verweise und Links<\/span><\/p>\n<p>Bei direkten oder indirekten Verweisen auf fremde Internetseiten (Links), die au\u00dferhalb des Verantwortungsbereiches der Freilichtb\u00fchne Nettelstedt e. V. liegen, haftet die Freilichtb\u00fchne Nettelstedt e. V. nur dann, wenn sie von den Inhalten Kenntnis hat und es ihm technisch m\u00f6glich und zumutbar w\u00e4re, die Nutzung im Falle rechtswidriger Inhalte zu verhindern.<br \/>\nDie Freilichtb\u00fchne Nettelstedt e. V. erkl\u00e4rt hiermit ausdr\u00fccklich, dass zum Zeitpunkt der Linksetzung die entsprechenden verlinkten Seiten frei von illegalen Inhalten waren. Die Freilichtb\u00fchne Nettelstedt e. V. erkl\u00e4rt weiterhin, dass sie keinerlei Einfluss auf die aktuelle und zuk\u00fcnftige Gestaltung und auf die Inhalte der gelinkten\/verkn\u00fcpften Seiten hat. Deshalb distanziert sie sich hiermit ausdr\u00fccklich von allen Inhalten aller gelinkten \/verkn\u00fcpften Seiten, die nach der Linksetzung ver\u00e4ndert wurden. Diese Feststellung gilt f\u00fcr alle innerhalb des eigenen Internetangebotes gesetzten Links und Verweise sowie f\u00fcr Fremdeintr\u00e4ge in vom Autor eingerichteten G\u00e4steb\u00fcchern, Diskussionsforen und Mailinglisten.<\/p>\n<p>F\u00fcr illegale, fehlerhafte oder unvollst\u00e4ndige Inhalte und insbesondere f\u00fcr Sch\u00e4den, die aus der Nutzung oder Nichtnutzung solcherart dargebotener Informationen entstehen, haftet allein der Anbieter der Seite, auf welche verwiesen wurde, nicht derjenige, der \u00fcber Links auf die jeweilige Ver\u00f6ffentlichung lediglich verweist.<\/p>\n<p><span style=\"text-decoration: underline;\">3. Urheberrecht<\/span><\/p>\n<p>Die Freilichtb\u00fchne Nettelstedt e. V. ist bestrebt, in allen Publikationen die Urheberrechte der verwendeten Grafiken, Tondokumente, Videosequenzen und Texte zu beachten, von ihm selbst erstellte Grafiken, Tondokumente, Videosequenzen und Texte zu nutzen oder auf lizenzfreie Grafiken, Tondokumente, Videosequenzen und Texte zur\u00fcckzugreifen.<br \/>\nDas Copyright f\u00fcr ver\u00f6ffentlichte, von der Freilichtb\u00fchne Nettelstedt e. V. selbst erstellte Objekte bleibt allein bei der Freilichtb\u00fchne Nettelstedt e. V. Eine Vervielf\u00e4ltigung oder Verwendung solcher Grafiken, Tondokumente, Videosequenzen und Texte in anderen elektronischen oder gedruckten Publikationen ist ohne ausdr\u00fcckliche Zustimmung der Freilichtb\u00fchne Nettelstedt e. V. nicht gestattet.<\/p>\n<p><span style=\"text-decoration: underline;\">4. Rechtswirksamkeit dieses Haftungsausschlusses<\/span><\/p>\n<p>Dieser Haftungsausschluss ist als Teil des Internetangebotes zu betrachten, von dem aus auf diese Seite verwiesen wurde. Sofern Teile oder einzelne Formulierungen dieses Textes der geltenden Rechtslage nicht, nicht mehr oder nicht vollst\u00e4ndig entsprechen sollten, bleiben die \u00fcbrigen Teile des Dokumentes in ihrem Inhalt und ihrer G\u00fcltigkeit davon unber\u00fchrt.<\/p>\n","protected":false},"excerpt":{"rendered":"<p>Anbieter von freilichtbuehne-nettelstedt.de: Freilichtb\u00fchne-Spielgemeinde Nettelstedt e.V. H\u00fcnenbrinkstr. 4 32312 L\u00fcbbecke Kontakt: Telefon: 05741 \/ 370192 Telefax: 05741 \/ 370194 E-Mail: info[at]freilichtbuehne-nettelstedt[dot] de Webseite: www.freilichtb\u00fchne-nettelstedt.de&nbsp;&nbsp;&nbsp; oder&nbsp;&nbsp;&nbsp; www.flbn.de Inhaltlich verantwortlich: Jannik Koch &amp; Ramona Sch\u00fctte-Kracht info @ freilichtbuehne-nettelstedt.de Vereinsregister: Amtsgericht Bad Oeynhausen, VR30256 Der Verein wird gemeinschaftlich vertreten durch: Ramona Sch\u00fctte-Kracht (1.Vorsitzende + Gesch\u00e4ftsf\u00fchrerin) &#8211; H\u00fchnenbrinkstra\u00dfe 3 [&hellip;]<\/p>\n","protected":false},"author":2,"featured_media":0,"parent":0,"menu_order":10,"comment_status":"closed","ping_status":"closed","template":"","meta":{"_monsterinsights_skip_tracking":false,"_monsterinsights_sitenote_active":false,"_monsterinsights_sitenote_note":"","_monsterinsights_sitenote_category":0,"ngg_post_thumbnail":0,"footnotes":""},"class_list":["post-20","page","type-page","status-publish","czr-hentry"],"yoast_head":"<!-- This site is optimized with the Yoast SEO plugin v27.3 - https:\/\/yoast.com\/product\/yoast-seo-wordpress\/ -->\n<title>Impressum - Freilichtb\u00fchne Nettelstedt<\/title>\n<meta name=\"robots\" content=\"index, follow, max-snippet:-1, max-image-preview:large, max-video-preview:-1\" \/>\n<link rel=\"canonical\" href=\"https:\/\/www.freilichtbuehne-nettelstedt.de\/index.php\/impressum-2\/\" \/>\n<meta property=\"og:locale\" content=\"de_DE\" \/>\n<meta property=\"og:type\" content=\"article\" \/>\n<meta property=\"og:title\" content=\"Impressum - Freilichtb\u00fchne Nettelstedt\" \/>\n<meta property=\"og:description\" content=\"Anbieter von freilichtbuehne-nettelstedt.de: Freilichtb\u00fchne-Spielgemeinde Nettelstedt e.V. H\u00fcnenbrinkstr. 4 32312 L\u00fcbbecke Kontakt: Telefon: 05741 \/ 370192 Telefax: 05741 \/ 370194 E-Mail: info[at]freilichtbuehne-nettelstedt[dot] de Webseite: www.freilichtb\u00fchne-nettelstedt.de&nbsp;&nbsp;&nbsp; oder&nbsp;&nbsp;&nbsp; www.flbn.de Inhaltlich verantwortlich: Jannik Koch &amp; Ramona Sch\u00fctte-Kracht info @ freilichtbuehne-nettelstedt.de Vereinsregister: Amtsgericht Bad Oeynhausen, VR30256 Der Verein wird gemeinschaftlich vertreten durch: Ramona Sch\u00fctte-Kracht (1.Vorsitzende + Gesch\u00e4ftsf\u00fchrerin) &#8211; H\u00fchnenbrinkstra\u00dfe 3 [&hellip;]\" \/>\n<meta property=\"og:url\" content=\"https:\/\/www.freilichtbuehne-nettelstedt.de\/index.php\/impressum-2\/\" \/>\n<meta property=\"og:site_name\" content=\"Freilichtb\u00fchne Nettelstedt\" \/>\n<meta property=\"article:publisher\" content=\"https:\/\/www.facebook.com\/freilichtbuehne.nettelstedt\/\" \/>\n<meta property=\"article:modified_time\" content=\"2025-07-14T18:57:35+00:00\" \/>\n<meta name=\"twitter:card\" content=\"summary_large_image\" \/>\n<meta name=\"twitter:label1\" content=\"Gesch\u00e4tzte Lesezeit\" \/>\n\t<meta name=\"twitter:data1\" content=\"3\u00a0Minuten\" \/>\n<script type=\"application\/ld+json\" class=\"yoast-schema-graph\">{\"@context\":\"https:\\\/\\\/schema.org\",\"@graph\":[{\"@type\":\"WebPage\",\"@id\":\"https:\\\/\\\/www.freilichtbuehne-nettelstedt.de\\\/index.php\\\/impressum-2\\\/\",\"url\":\"https:\\\/\\\/www.freilichtbuehne-nettelstedt.de\\\/index.php\\\/impressum-2\\\/\",\"name\":\"Impressum - Freilichtb\u00fchne Nettelstedt\",\"isPartOf\":{\"@id\":\"https:\\\/\\\/www.freilichtbuehne-nettelstedt.de\\\/#website\"},\"datePublished\":\"2011-02-11T16:15:17+00:00\",\"dateModified\":\"2025-07-14T18:57:35+00:00\",\"breadcrumb\":{\"@id\":\"https:\\\/\\\/www.freilichtbuehne-nettelstedt.de\\\/index.php\\\/impressum-2\\\/#breadcrumb\"},\"inLanguage\":\"de\",\"potentialAction\":[{\"@type\":\"ReadAction\",\"target\":[\"https:\\\/\\\/www.freilichtbuehne-nettelstedt.de\\\/index.php\\\/impressum-2\\\/\"]}]},{\"@type\":\"BreadcrumbList\",\"@id\":\"https:\\\/\\\/www.freilichtbuehne-nettelstedt.de\\\/index.php\\\/impressum-2\\\/#breadcrumb\",\"itemListElement\":[{\"@type\":\"ListItem\",\"position\":1,\"name\":\"Startseite\",\"item\":\"https:\\\/\\\/www.freilichtbuehne-nettelstedt.de\\\/\"},{\"@type\":\"ListItem\",\"position\":2,\"name\":\"Impressum\"}]},{\"@type\":\"WebSite\",\"@id\":\"https:\\\/\\\/www.freilichtbuehne-nettelstedt.de\\\/#website\",\"url\":\"https:\\\/\\\/www.freilichtbuehne-nettelstedt.de\\\/\",\"name\":\"Freilichtb\u00fchne Nettelstedt\",\"description\":\"Theater, das einfach Spa\u00df macht\",\"publisher\":{\"@id\":\"https:\\\/\\\/www.freilichtbuehne-nettelstedt.de\\\/#organization\"},\"potentialAction\":[{\"@type\":\"SearchAction\",\"target\":{\"@type\":\"EntryPoint\",\"urlTemplate\":\"https:\\\/\\\/www.freilichtbuehne-nettelstedt.de\\\/?s={search_term_string}\"},\"query-input\":{\"@type\":\"PropertyValueSpecification\",\"valueRequired\":true,\"valueName\":\"search_term_string\"}}],\"inLanguage\":\"de\"},{\"@type\":\"Organization\",\"@id\":\"https:\\\/\\\/www.freilichtbuehne-nettelstedt.de\\\/#organization\",\"name\":\"Freilichtb\u00fchne Nettelstedt e.V\",\"url\":\"https:\\\/\\\/www.freilichtbuehne-nettelstedt.de\\\/\",\"logo\":{\"@type\":\"ImageObject\",\"inLanguage\":\"de\",\"@id\":\"https:\\\/\\\/www.freilichtbuehne-nettelstedt.de\\\/#\\\/schema\\\/logo\\\/image\\\/\",\"url\":\"https:\\\/\\\/www.freilichtbuehne-nettelstedt.de\\\/wp-content\\\/uploads\\\/2016\\\/02\\\/Logo_Final_2016_Transp_klein.png\",\"contentUrl\":\"https:\\\/\\\/www.freilichtbuehne-nettelstedt.de\\\/wp-content\\\/uploads\\\/2016\\\/02\\\/Logo_Final_2016_Transp_klein.png\",\"width\":250,\"height\":100,\"caption\":\"Freilichtb\u00fchne Nettelstedt e.V\"},\"image\":{\"@id\":\"https:\\\/\\\/www.freilichtbuehne-nettelstedt.de\\\/#\\\/schema\\\/logo\\\/image\\\/\"},\"sameAs\":[\"https:\\\/\\\/www.facebook.com\\\/freilichtbuehne.nettelstedt\\\/\",\"https:\\\/\\\/www.instagram.com\\\/freilichtbuehnenettelstedt\\\/\"]}]}<\/script>\n<!-- \/ Yoast SEO plugin. -->","yoast_head_json":{"title":"Impressum - Freilichtb\u00fchne Nettelstedt","robots":{"index":"index","follow":"follow","max-snippet":"max-snippet:-1","max-image-preview":"max-image-preview:large","max-video-preview":"max-video-preview:-1"},"canonical":"https:\/\/www.freilichtbuehne-nettelstedt.de\/index.php\/impressum-2\/","og_locale":"de_DE","og_type":"article","og_title":"Impressum - Freilichtb\u00fchne Nettelstedt","og_description":"Anbieter von freilichtbuehne-nettelstedt.de: Freilichtb\u00fchne-Spielgemeinde Nettelstedt e.V. H\u00fcnenbrinkstr. 4 32312 L\u00fcbbecke Kontakt: Telefon: 05741 \/ 370192 Telefax: 05741 \/ 370194 E-Mail: info[at]freilichtbuehne-nettelstedt[dot] de Webseite: www.freilichtb\u00fchne-nettelstedt.de&nbsp;&nbsp;&nbsp; oder&nbsp;&nbsp;&nbsp; www.flbn.de Inhaltlich verantwortlich: Jannik Koch &amp; Ramona Sch\u00fctte-Kracht info @ freilichtbuehne-nettelstedt.de Vereinsregister: Amtsgericht Bad Oeynhausen, VR30256 Der Verein wird gemeinschaftlich vertreten durch: Ramona Sch\u00fctte-Kracht (1.Vorsitzende + Gesch\u00e4ftsf\u00fchrerin) &#8211; H\u00fchnenbrinkstra\u00dfe 3 [&hellip;]","og_url":"https:\/\/www.freilichtbuehne-nettelstedt.de\/index.php\/impressum-2\/","og_site_name":"Freilichtb\u00fchne Nettelstedt","article_publisher":"https:\/\/www.facebook.com\/freilichtbuehne.nettelstedt\/","article_modified_time":"2025-07-14T18:57:35+00:00","twitter_card":"summary_large_image","twitter_misc":{"Gesch\u00e4tzte Lesezeit":"3\u00a0Minuten"},"schema":{"@context":"https:\/\/schema.org","@graph":[{"@type":"WebPage","@id":"https:\/\/www.freilichtbuehne-nettelstedt.de\/index.php\/impressum-2\/","url":"https:\/\/www.freilichtbuehne-nettelstedt.de\/index.php\/impressum-2\/","name":"Impressum - Freilichtb\u00fchne Nettelstedt","isPartOf":{"@id":"https:\/\/www.freilichtbuehne-nettelstedt.de\/#website"},"datePublished":"2011-02-11T16:15:17+00:00","dateModified":"2025-07-14T18:57:35+00:00","breadcrumb":{"@id":"https:\/\/www.freilichtbuehne-nettelstedt.de\/index.php\/impressum-2\/#breadcrumb"},"inLanguage":"de","potentialAction":[{"@type":"ReadAction","target":["https:\/\/www.freilichtbuehne-nettelstedt.de\/index.php\/impressum-2\/"]}]},{"@type":"BreadcrumbList","@id":"https:\/\/www.freilichtbuehne-nettelstedt.de\/index.php\/impressum-2\/#breadcrumb","itemListElement":[{"@type":"ListItem","position":1,"name":"Startseite","item":"https:\/\/www.freilichtbuehne-nettelstedt.de\/"},{"@type":"ListItem","position":2,"name":"Impressum"}]},{"@type":"WebSite","@id":"https:\/\/www.freilichtbuehne-nettelstedt.de\/#website","url":"https:\/\/www.freilichtbuehne-nettelstedt.de\/","name":"Freilichtb\u00fchne Nettelstedt","description":"Theater, das einfach Spa\u00df macht","publisher":{"@id":"https:\/\/www.freilichtbuehne-nettelstedt.de\/#organization"},"potentialAction":[{"@type":"SearchAction","target":{"@type":"EntryPoint","urlTemplate":"https:\/\/www.freilichtbuehne-nettelstedt.de\/?s={search_term_string}"},"query-input":{"@type":"PropertyValueSpecification","valueRequired":true,"valueName":"search_term_string"}}],"inLanguage":"de"},{"@type":"Organization","@id":"https:\/\/www.freilichtbuehne-nettelstedt.de\/#organization","name":"Freilichtb\u00fchne Nettelstedt e.V","url":"https:\/\/www.freilichtbuehne-nettelstedt.de\/","logo":{"@type":"ImageObject","inLanguage":"de","@id":"https:\/\/www.freilichtbuehne-nettelstedt.de\/#\/schema\/logo\/image\/","url":"https:\/\/www.freilichtbuehne-nettelstedt.de\/wp-content\/uploads\/2016\/02\/Logo_Final_2016_Transp_klein.png","contentUrl":"https:\/\/www.freilichtbuehne-nettelstedt.de\/wp-content\/uploads\/2016\/02\/Logo_Final_2016_Transp_klein.png","width":250,"height":100,"caption":"Freilichtb\u00fchne Nettelstedt e.V"},"image":{"@id":"https:\/\/www.freilichtbuehne-nettelstedt.de\/#\/schema\/logo\/image\/"},"sameAs":["https:\/\/www.facebook.com\/freilichtbuehne.nettelstedt\/","https:\/\/www.instagram.com\/freilichtbuehnenettelstedt\/"]}]}},"_links":{"self":[{"href":"https:\/\/www.freilichtbuehne-nettelstedt.de\/index.php\/wp-json\/wp\/v2\/pages\/20","targetHints":{"allow":["GET"]}}],"collection":[{"href":"https:\/\/www.freilichtbuehne-nettelstedt.de\/index.php\/wp-json\/wp\/v2\/pages"}],"about":[{"href":"https:\/\/www.freilichtbuehne-nettelstedt.de\/index.php\/wp-json\/wp\/v2\/types\/page"}],"author":[{"embeddable":true,"href":"https:\/\/www.freilichtbuehne-nettelstedt.de\/index.php\/wp-json\/wp\/v2\/users\/2"}],"replies":[{"embeddable":true,"href":"https:\/\/www.freilichtbuehne-nettelstedt.de\/index.php\/wp-json\/wp\/v2\/comments?post=20"}],"version-history":[{"count":7,"href":"https:\/\/www.freilichtbuehne-nettelstedt.de\/index.php\/wp-json\/wp\/v2\/pages\/20\/revisions"}],"predecessor-version":[{"id":12075,"href":"https:\/\/www.freilichtbuehne-nettelstedt.de\/index.php\/wp-json\/wp\/v2\/pages\/20\/revisions\/12075"}],"wp:attachment":[{"href":"https:\/\/www.freilichtbuehne-nettelstedt.de\/index.php\/wp-json\/wp\/v2\/media?parent=20"}],"curies":[{"name":"wp","href":"https:\/\/api.w.org\/{rel}","templated":true}]}}